-42
Let n(o) = 32*o + 3146. Give n(-100).
-54
Let w(p) = p**3 + 8*p**2 - 17*p + 15. Calculate w(-10).
-15
Let l(g) = g**3 + 39*g**2 + 72*g - 43. What is l(-37)?
31
Let t(m) = m**3 - 9*m**2 + 12*m + 101. Calculate t(8).
133
Let u(j) = j**3 - 31*j**2 + 19*j - 605. Give u(31).
-16
Let z(v) = -10*v**3 - 118*v**2 + 23*v - 15. What is z(-12)?
-3
Let w(i) = -3*i**3 + 31*i**2 - 78*i + 19. Give w(4).
11
Let q(a) = 4*a**3 - 2*a**2 - 11*a - 5. Determine q(5).
390
Let h(p) = 5*p**2 + 32. Calculate h(-4).
112
Let o(z) = -10*z**2 - 96*z + 2. Determine o(-9).
56
Let q(z) = -z**2 - 122*z - 3486. Determine q(-45).
-21
Let s(r) = -r**3 + 18*r**2 + 21*r + 21. Calculate s(19).
59
Let d(j) = -j**3 - 15*j**2 - 148*j - 2623. Give d(-16).
1
Let u(g) = g**3 - 110*g**2 - 947*g + 252. Calculate u(118).
-102
Let w(y) = 9*y**2 + 225*y - 4001. What is w(12)?
-5
Let s(g) = g**2 - 28*g - 762. Calculate s(45).
3
Let d(p) = 8*p + 178. Determine d(-17).
42
Let a(m) = 7*m**2 + 169*m + 52. What is a(-24)?
28
Let b(s) = 28*s**2 - 285*s - 4. Give b(10).
-54
Let r(q) = -5*q**2 - 171*q + 77. What is r(-36)?
-247
Let b(n) = n**3 - 22*n**2 - 50*n + 1308. Determine b(21).
-183
Let m(u) = 4*u**3 - u**2 + 6*u - 50. What is m(0)?
-50
Let i(w) = -w**2 - 162*w - 4872. Calculate i(-40).
8
Let c(t) = 17*t + 539. Give c(-30).
29
Let j(a) = -2*a**3 + 100*a**2 - 184*a - 378. Determine j(48).
6
Let o(m) = 28*m + 208. What is o(-12)?
-128
Let b(i) = 5*i**2 + 138*i - 345. Give b(-30).
15
Let w(n) = 28*n - 92. Calculate w(4).
20
Let z(r) = -24*r**2 - 35*r + 35. What is z(1)?
-24
Let m(w) = -83*w**2 + 6*w + 1. Give m(-3).
-764
Let t(l) = 627*l + 3160. Determine t(-5).
25
Let x(u) = -26*u + 516. Give x(26).
-160
Let d(k) = -k**3 - 75*k**2 + 157*k + 217. What is d(-77)?
-14
Let n(t) = t**2 - 87*t + 1775. Give n(55).
15
Let x(n) = -2*n**3 + n**2 - 16*n - 56. What is x(0)?
-56
Let z(g) = -558*g + 3385. What is z(6)?
37
Let w(u) = 7*u**3 + 4*u**2 - 86*u + 166. Determine w(2).
66
Let z(u) = 2680*u + 16060. Give z(-6).
-20
Let t(j) = -200*j**2 + 34*j + 33. Give t(-1).
-201
Let d(h) = -7*h**2 - 1106*h - 9399. What is d(-149)?
-12
Let v(y) = -2*y**2 + 103*y - 1115. What is v(15)?
-20
Let y(n) = n**3 + 14*n**2 + 83*n + 1132. What is y(-14)?
-30
Let r(v) = -5*v**3 - 29*v**2 + 27*v. Give r(1).
-7
Let m(q) = q**3 + 138*q**2 - 289*q + 18. What is m(2)?
0
Let j(d) = 5*d**3 + 63*d**2 + 184*d + 1. Determine j(-8).
1
Let c(w) = -w**2 - 77*w + 1319. What is c(-93)?
-169
Let k(d) = -d**3 + 12*d**2 - 40*d + 302. What is k(11)?
-17
Let y(p) = -8*p**2 - 312*p + 38. What is y(-39)?
38
Let p(n) = -n**2 - 18*n + 24. What is p(-19)?
5
Let l(u) = 101*u + 290. Give l(-5).
-215
Let q(i) = -361*i + 20197. What is q(56)?
-19
Let z(g) = -3*g**2 - 23*g + 13. Calculate z(-7).
27
Let i(p) = -13*p - 196. Determine i(-16).
12
Let j(c) = -6*c. Calculate j(8).
-48
Let a(o) = 29*o + 1262. What is a(-34)?
276
Let l(v) = v**3 - 87*v**2 + 405*v + 423. Give l(82).
13
Let w(b) = 3*b + 9. Give w(-16).
-39
Let a(z) = z**3 + 7*z**2 + 13*z - 17. What is a(-4)?
-21
Let i(p) = p**3 - 37*p**2 - 32*p - 30. What is i(38)?
198
Let p(n) = n**2 + 10*n - 21. Give p(-13).
18
Let n(g) = -5*g**2 + 45*g - 97. Give n(4).
3
Let h(f) = -144*f - 30954. Calculate h(-215).
6
Let l(s) = 9129*s + 9122. Give l(-1).
-7
Let l(x) = 48*x - 85. Give l(-5).
-325
Let l(q) = -2*q**3 - 151*q**2 - 70*q + 396. What is l(-75)?
21
Let q(l) = -32*l - 537. Give q(-14).
-89
Let k(s) = 3*s - 25. Calculate k(-3).
-34
Let h(w) = -5777*w - 138644. Give h(-24).
4
Let u(v) = 3*v**2 + 106*v - 171. Give u(-37).
14
Let s(g) = g**3 - 49*g**2 + 7*g - 139. Determine s(49).
204
Let v(d) = 21*d**2 - 45*d - 260. Calculate v(5).
40
Let v(l) = -l**3 - 8*l**2 - 29*l - 717. Calculate v(-11).
-35
Let x(s) = s**3 - 14*s**2 + 10*s - 4. Determine x(12).
-172
Let p(r) = -287*r - 2873. Calculate p(-10).
-3
Let v(s) = -s**2 - 227*s - 6020. Give v(-30).
-110
Let r(p) = -11*p + 26. Give r(3).
-7
Let j(g) = -3*g**2 - 170*g + 237. Give j(-61).
-556
Let z(x) = -523*x**3 + x - 2. What is z(1)?
-524
Let z(y) = 342*y + 9580. Give z(-28).
4
Let y(s) = s**2 + 1292*s + 13. Determine y(0).
13
Let u(q) = -q**3 + q**2 + 570*q + 1669. Calculate u(-3).
-5
Let s(x) = -10*x**2 - 326*x + 56. Give s(-33).
-76
Let o(p) = -p**3 - 97*p**2 - 120*p - 2296. Calculate o(-96).
8
Let f(l) = 2*l**2 - 1306*l - 117283. What is f(-80)?
-3
Let o(m) = -m**3 + 179*m**2 + 509*m + 6733. Give o(182).
-1
Let y(f) = -f**3 - 27*f**2 + 9*f + 250. Calculate y(-27).
7
Let i(y) = -4*y**3 + 16*y**2 + 16*y + 26. What is i(5)?
6
Let a(n) = n**2 - 28*n - 436. What is a(40)?
44
Let f(v) = -2*v**2 - 113*v - 337. What is f(-3)?
-16
Let c(d) = 15*d + 828. Determine c(-56).
-12
Let d(r) = -r**3 + 7*r**2 + 18*r - 14. What is d(9)?
-14
Let b(g) = -3*g**2 + g - 3. What is b(-1)?
-7
Let t(k) = k**3 + 8*k**2 - 382*k - 3336. What is t(-9)?
21
Let w(t) = -18*t - 288. Give w(-16).
0
Let a(m) = 3*m**3 + 36*m**2 + 53*m - 19. Calculate a(-7).
345
Let s(n) = 331*n - 329. What is s(1)?
2
Let u(z) = -z**2 + 107*z - 2055. What is u(82)?
-5
Let i(b) = 9711*b + 58273. Calculate i(-6).
7
Let u(p) = 113*p**3 - 9*p**2 + 11*p - 3. Calculate u(1).
112
Let u(j) = 2*j**2 - 47*j - 227. What is u(-4)?
-7
Let y(m) = 244*m - 571. What is y(4)?
405
Let y(u) = -2*u**3 + 135*u**2 + 348*u - 79. Calculate y(70).
-219
Let b(s) = s**2 + 541*s - 54633. What is b(87)?
3
Let i(d) = -d**3 + 7*d**2 + 19*d - 4. What is i(-2)?
-6
Let x(q) = -220*q - 3591. Determine x(-16).
-71
Let k(a) = -a**3 + 35*a**2 + 88*a - 5086. Calculate k(33).
-4
Let i(k) = -k**2 + 58*k - 287. Determine i(54).
-71
Let s(k) = k**2 - 85*k - 1283. Calculate s(-13).
-9
Let j(s) = 2*s**2 - 239*s + 1398. Determine j(6).
36
Let z(c) = -318*c + 2230. What is z(7)?
4
Let m(i) = -i**3 - 21*i**2 - 68*i - 573. Give m(-19).
-3
Let a(k) = 5*k**3 + 260*k**2 - 2*k - 127. Determine a(-52).
-23
Let x(w) = 272*w - 7350. Calculate x(27).
-6
Let l(a) = -14*a**2 + 68*a - 134. Give l(2).
-54
Let q(j) = -3*j**2 + 18*j - 44. Determine q(3).
-17
Let a(j) = -19*j + 139. Determine a(9).
-32
Let w(r) = -31*r**2 - 13*r + 14. What is w(1)?
-30
Let o(p) = -2*p**2 - 55*p + 5. Give o(-21).
278
Let h(f) = 51*f - 1031. What is h(19)?
-62
Let i(r) = -r**2 + 56*r - 560. Determine i(13).
-1
Let y(k) = -40*k - 937. What is y(-22)?
-57
Let d(x) = -52*x + 1933. Determine d(30).
373
Let h(p) = p**2 + 44*p - 365. What is h(-52)?
51
Let n(s) = -12*s**2 - s - 33. What is n(-4)?
-221
Let x(i) = -45485*i - 363880. Calculate x(-8).
0
Let o(i) = -366*i - 2271. Determine o(-6).
-75
Let v(g) = 159*g + 102. Calculate v(-2).
-216
Let u(x) = 10*x**2 - 221*x + 1060. Calculate u(7).
3
Let l(x) = -17*x**2 + 739*x + 48. Determine l(43).
392
Let i(c) = -15*c - 170. Determine i(-11).
-5
Let d(x) = -3*x**3 - 46*x**2 + 31*x + 2. Determine d(-16).
18
Let j(z) = -z**3 + 109*z**2 - 717*z - 62. What is j(102)?
-368
Let n(t) = -22*t**2 - 1322*t - 95. Determine n(-60).
25
Let x(k) = 212*k + 1136. Calculate x(-5).
76
Let n(h) = 17*h - 7. Give n(1).
10
Let a(d) = 2*d**3 - 53*d**2 + 287*d - 175. Calculate a(19).
-137
Let d(n) = 425*n + 10625. What is d(-25)?
0
Let s(j) = j**3 - 18*j**2 + 41*j + 33. Calculate s(15).
-27
Let p(r) = -4*r**2 - 43*r + 104. What is p(-12)?
44
Let k(j) = 143*j - 2427. Calculate k(17).
4
Let b(v) = 33*v**3 - 232*v**2 + 2*v + 28. What is b(7)?
-7
Let l(r) = 65953*r + 395713. What is l(-6)?
-5
Let h(u) = u**3 - 10*u**2 - 2*u - 5. Calculate h(10).
-25
Let m(l) = 40*l + 475. What is m(-13)?
-45
Let l(q) = 4*q**2 + 15*q + 24. Give l(-3).
15
Let n(d) = -d**2 - 137*d - 2646. Calculate n(-115).
-116
Let q(o) = o**3 + 184*o**2 - 360*o + 2231. What is q(-186)?
-1
Let w(j) = -5*j**3 + 4*j**2 - 2*j + 1. What is w(3)?
-104
Let i(j) = -j**3 - 93*j**2 + 1029*j - 193. What is i(-103)?
-90
Let y(f) = -438*f + 9208. What is y(21)?
10
Let b(a) = -90*a + 16005. Give b(178).
-15
Let j(u) = -387*u + 51474. Give j(133).
3
Let d(j) = -7*j**2 + 37*j - 118. Determine d(12).
-682
Let q(r) = r**3 - 15*r**2 + 37*r - 13. Determine q(3).
-10
Let z(u) = -u**2 + 35*u - 475. Determine z(20).
-175
Let h(u) = -389*u + 3099. Determine h(8).
-13
Let a(n) = -919*n + 10124. Determine a(11).
15
Let h(l) = 285*l + 6218. Give h(-22).
-52
Let s(r) = -r**3 - 68*r**2 - 72*r + 202. Give s(-67).
537
Let a(m) = -1655*m + 